2*k**2 - 2*k - 1. Suppose -6 = -2*c - 0. Let g be l(c). Suppose 5*h + 0 = g*v - 20, 2*h = 2*v - 8. Let a(p) = -p**3 - p**2 + 9. Give a(v).
9
Let w be (1 - 8/6)/((-1)/6). Let n = 0 + 2. Let k(l) = 5*l - 3*l - 3 + n*l**2 - w + l**3 - 8*l**2. Calculate k(6).
7
Suppose 5*i = 3*o + 16, -2*i = -6*i + 4*o + 8. Let l(f) be the third derivative of f**4/6 - 5*f**3/6 + f**2. What is l(i)?
15
Let i(g) = 2*g**2 - 2*g - 3. Let t(z) = 4*z - 4*z - z - 4. Let d be t(-8). Let p be 1 - (-12)/d - 6. Calculate i(p).
9
Let j(b) = -b + 5. Let t be j(6). Let k be 1 + (-3 - -2)*t. Let z(m) be the first derivative of -m**2/2 + m + 3. Give z(k).
-1
Let l = -7 + 9. Let m(h) = 19*h**2 + 2*h - 38*h**2 + 20*h**l. Suppose 4*p = -p - 10. Determine m(p).
0
Let c(u) = u**3 - 7*u**2 + 5*u + 5. Let r be (-3)/(-2)*100/30. Let i = 2 + r. Let a(o) = 2*o - 8. Let l be a(i). What is c(l)?
-1
Suppose 3*a = -a + 12. Let n(f) = -a + 2*f + 1 - 4. Suppose -222*j + 100 = -242*j. Determine n(j).
-16
Suppose -5*u - 11 = -f + 3*f, 0 = -f + 4*u + 1. Let r = f + 8. Let b(y) = -4*y**2 + y + 3*y**2 - 5 + 7*y. What is b(r)?
10
Let x(j) be the second derivative of -j**5/20 + j**4/3 + j**3 + 3*j**2/2 - j. Let s = 350 + -345. What is x(s)?
8
Let b(h) = 3*h**3 - h. Suppose -3*j - 163 = -166. Determine b(j).
2
Let h(t) = -4*t**2 - 18*t - 30. Let r(q) = -5*q**2 - 21*q - 33. Let n(y) = -6*h(y) + 5*r(y). Determine n(-6).
-39
Let h = 7 + -12. Let b be (6/h)/((-10)/25). Let y(g) = -g**2 + 2*g - 7. Let r(x) = -x - 4. Let k(s) = 2*r(s) - y(s). What is k(b)?
-4
Let n(a) = -11*a + 22. Let b = -1219 - -1222. What is n(b)?
-11
Let l(w) = -3*w**2 + 5*w. Let f(m) = -2*m**2 + 4*m. Let n be -3 + (-7)/(28/12) - -3. Let a(g) = n*l(g) + 4*f(g). Calculate a(-2).
2
Let s(l) = l**2 + l - 2. Suppose 0 = t - 5, 4 = 3*q + 5*t - 3. Let p(a) = -a**2 - 6*a + 5. Let n be p(q). Suppose n*k = -8 - 12. What is s(k)?
10
Let w(h) = 3*h + 2. Let m(s) = -s**3 + 8*s**2 + s - 3. Let p be m(8). Suppose -11 = -n - p. Calculate w(n).
20
Let r(d) = -2*d - 2. Let g(q) = 3*q + 8. Let y(z) = g(z) + 2*r(z). Determine y(9).
-5
Let n = 62 + -51. Suppose -5*p - 4 = n. Let j(g) = -g**3 - 5*g**2 - 2*g + 4. Determine j(p).
-8
Let p(v) be the second derivative of -v**4/12 - v**3 - 3*v**2/2 + 39*v - 2. Give p(-5).
2
Let x(y) = -5*y**3 + 29*y**2 - 16*y - 24. Let d(j) = 3*j**3 - 19*j**2 + 11*j + 16. Let h(f) = 8*d(f) + 5*x(f). Give h(-8).
8
Let n(o) be the second derivative of 4*o**3/3 - o**2 - 317*o. Calculate n(2).
14
Let v(n) = n - 10. Let s(u) = u - 3. Let h(q) = -14*s(q) + 4*v(q). Determine h(1).
-8
Suppose 279 = -2*m + 289. Let a(y) = -y**2 + 4*y + 7. Calculate a(m).
2
Let g(p) = -5*p. Suppose -19*m = -21*m + 20. Let u = 1 + -9. Let s = m + u. What is g(s)?
-10
Let h be 36/(-14)*(-126)/(-27). Let i be (1 - (-6)/(-4))*22. Let j = i - h. Let g(c) = -2*c**2. Give g(j).
-2
Let q(t) be the second derivative of t**3/6 - 2*t**2 - 2*t + 4. Let o be (-99)/27 + (-2)/6. What is q(o)?
-8
Let v(w) = w + 3. Let f be (6/(-4))/((-21)/(-70)). Determine v(f).
-2
Suppose 5*y - 91 = 2*v, 5*y = -v + 4*v + 94. Let k = 27 - y. Let u be -2*(0 - k/4). Let n(l) = l**2 - 7*l + 5. Determine n(u).
-5
Let y(o) = 7*o + 5*o + 8 - 15*o. Determine y(6).
-10
Suppose 3*f - 12 = -3*t, -3*f = -2*t - 0*f + 3. Suppose -t*z - 12 = -0. Let g(n) = n**3 + 5*n**2 + 2*n - 1. Determine g(z).
7
Let a(f) = f + 2 + f + 2. Let z(r) = -r**2 - 9*r - 5. Let h be z(-8). Let b(u) = -6*u - 12. Let o(w) = h*b(w) + 10*a(w). Give o(-3).
-2
Let k(d) = 20*d**2 - 20*d + 5. Let n(p) = 7*p**2 - 7*p + 2. Let m(f) = -6*k(f) + 17*n(f). Let l be (6 - 2) + (-11 - (-17 - -10)). Calculate m(l).
4
Let q(a) be the first derivative of -a**4/4 + 4*a**3 - 21*a**2/2 + 16*a - 491. Calculate q(10).
6
Let n(r) = -3*r + 5. Let q(p) = 3*p - 4. Let u(g) = 6*n(g) + 7*q(g). Give u(0).
2
Suppose 4*s = x + 53, -2*s + 6*x - 2*x = -16. Let u(c) = c**2 - 15*c + 2. Give u(s).
-12
Let g(j) = -13*j + j - 2 + j**2 + 0*j**2 + 0*j**2. Give g(11).
-13
Let y(h) be the second derivative of -4/3*h**3 - 12*h + 0 + h**2. Determine y(-2).
18
Let b be ((-1)/1)/((-5)/10). Suppose -b*p - 44 = 2*p. Let m = p - -12. Let z(v) = -8*v**2 + v. What is z(m)?
-7
Suppose n - 4*n = 0. Let i be 38*(5/5)/2. Suppose 3*z - 26 = -4*a, -5*z + 4*a + i + 3 = n. Let v(w) = w**3 - 6*w**2 + 3. Determine v(z).
3
Suppose 1317*x - 24 - 6 = 1312*x. Let q(d) = -9*d + 1 - 2*d**3 + d**3 + 3 + 7*d**2. Determine q(x).
-14
Let n(i) = i**3 + 3*i**2 + 2*i - 1. Suppose -4*g - 285 = 15*g. Let s be ((-6)/g)/((-4)/5)*6. What is n(s)?
-7
Let b(c) = -8*c**2 - 7. Suppose -2*t + h + 3 = 12, 3 = -2*t + 3*h. Let w = t + 0. Let r(p) = -7*p**2 - p - 6. Let a(j) = w*r(j) + 5*b(j). Determine a(-4).
9
Let j(v) = v**2 + 8*v + 8. Let h = -447 - -441. Determine j(h).
-4
Suppose -c = -6*c + 5*o + 25, -2*o + 15 = 3*c. Let f(l) = -10 - 2*l**2 + 0*l**2 - l - 4*l**2 + c*l**2. Determine f(0).
-10
Let p = -19 + 21. Let n(m) = m - p*m**2 + 1 + 2*m**3 + 0*m - 3 + 0*m. What is n(2)?
8
Let w(o) be the second derivative of -7*o**4/12 - o**2/2 + 14*o + 1. Calculate w(-1).
-8
Let g(j) be the third derivative of 0*j + 0 + 7/24*j**4 + 7/6*j**3 + 8*j**2 - 1/120*j**6 - 1/10*j**5. Let q = -24 - -17. Determine g(q).
7
Let h(c) be the first derivative of -c**3/3 - 4*c**2 + 4*c - 408. Calculate h(-9).
-5
Let c = -947 + 955. Let n(y) = y**2 - 7*y - 5. Determine n(c).
3
Suppose -f - 6 = -t, -14*t - 8 = -4*f - 18*t. Let i(q) = -3*q - 5. Calculate i(f).
1
Let a(m) be the third derivative of 3/2*m**3 + 3*m**2 + 1/60*m**5 + 0*m + 7/24*m**4 + 0. Let r(g) = -g - 18. Let o be r(-12). Calculate a(o).
3
Let b(r) = r**3 - 6*r**2 + 4. Let a be b(6). Let c(q) = -2*q**2 - 3*q + 12. Let v be c(-3). Let l(g) = g**v - 4*g + 6*g**2 + 2 - 9*g**2 + 0*g. Determine l(a).
2
Let f(c) = 8*c**2 + 14*c + 8*c**2 - 6*c - 17*c**2 + 1. Give f(7).
8
Let n(t) = -2*t**2 + 3*t + 2. Let a(o) = -16*o - 8. Let b be a(-5). Let f be b/27 + 4/3. Determine n(f).
-18
Let h(o) = 3*o - 1. Suppose -5*a - 7*j + 8*j + 14 = 0, 0 = 5*a + j - 16. Determine h(a).
8
Let n(i) = i**3 + 4*i**2 - 2*i - 5. Let f = -189 - -185. What is n(f)?
3
Let l(j) be the second derivative of j + 7/6*j**3 + 1 - 1/20*j**5 - 1/2*j**4 + 1/2*j**2. What is l(-7)?
1
Let g(c) = -2*c - 1. Suppose -2*r - 6 = -o, r - 4*r - 9 = -3*o. Determine g(r).
5
Let q(s) = s**3 - 6*s**2 + 40*s - 245. Let z be q(6). Let t(n) = -3*n - 9. What is t(z)?
6
Let y(v) = -14*v**2 - 1. Let g(f) = -f**3 - 55*f**2 - 106*f - 1. Let s be g(-53). Calculate y(s).
-15
Suppose 8*v = 10 + 22. Suppose -2*p - 8 = v. Let d(i) = i**2 + 4*i + 7. Give d(p).
19
Let w(o) be the second derivative of 1/20*o**5 + 1/4*o**4 - 4*o + 0 - 1/2*o**3 - o**2. What is w(-4)?
-6
Let a be (-1 + -11 + 14)*-1. Let i(x) = -x**2 + x - 3. Let h(y) = 3*y**2 - 3*y + 8. Let k(l) = 3*h(l) + 8*i(l). Give k(a).
6
Let d(x) = 9 + 8 + 8*x + x - x - x**2 - 4. Give d(9).
4
Let m(p) be the first derivative of -p**2/2 + 6*p + 61. What is m(-9)?
15
Let d(h) be the second derivative of h**4/12 + h**3 - 3*h**2 - 3*h. Let m(f) = -3*f**2 - 2*f**2 + 16 - 30*f + 13. Let x(o) = -11*d(o) - 2*m(o). Calculate x(-6).
8
Let f(a) be the first derivative of -15 - 1/2*a**2 + 1/4*a**4 + 3*a - 2*a**3. Give f(6).
-3
Let m(j) be the third derivative of -j**4/24 + 2*j**3/3 + 386*j**2. Suppose 10 + 14 = 4*r. Calculate m(r).
-2
Let w(u) = -u**2 + 34*u + 386. Let f be w(43). Let j(o) = -9*o**3 - 2*o**2 + o + 2. What is j(f)?
8
Let v(l) = l**3 + l**2 + l - 1. Let d be v(-2). Let h = -5 - d. Suppose -h*y - 2*k - 8 = y, 0 = 5*k + 5. Let c(j) = -j**2. Calculate c(y).
-4
Suppose 2*p - 14 = -2*v - 0, -3*v + 6 = -2*p. Let d(y) = -y**3 - y**2 - y + 1. Let s(u) = -3*u**3 - 7*u**2 - 7*u + 7. Let q(w) = 4*d(w) - s(w). Determine q(v).
-7
Let m(b) be the third derivative of 0*b - 1/6*b**3 + 1/60*b**5 - 1/24*b**4 + 0 + 1/20*b**6 + 2*b**2. Let i(l) = -11*l + 65. Let a be i(6). What is m(a)?
-5
Let n = -11 - -7. Let r(k) = -2*k - 124*k**2 - 124*k**2 + 247*k**2 - 1. Determine r(n).
-9
Suppose -4*w = -3*f - 7 - 5, -5*w + 22 = -2*f. Let p(r) = w*r**2 + 8*r - 14*r + r**3 + 8 + 5*r. Calculate p(-6).
14
Let s(a) = a**2 + 4*a - 9. Let y be ((-8)/16)/(2/64*2). Calculate s(y).
23
Let q = -452 - -460. Let y(o) = 2*o - 11. Give y(q).
5
Let y(l) = -2*l**2 + 3*l + 11. Let h be y(3). Let b(w) = w**3 - 3*w**2 + 6*w - 3. Determin